factors of 3537.
3, 131
List the prime factors of 3724.
2, 7, 19
What are the prime factors of 3114?
2, 3, 173
What are the prime factors of 2520?
2, 3, 5, 7
List the prime factors of 1792.
2, 7
List the prime factors of 10395.
3, 5, 7, 11
What are the prime factors of 5032?
2, 17, 37
List the prime factors of 4103.
11, 373
List the prime factors of 53543.
7, 7649
What are the prime factors of 60754?
2, 37, 821
List the prime factors of 33951.
3, 11317
List the prime factors of 5100.
2, 3, 5, 17
What are the prime factors of 1003?
17, 59
List the prime factors of 817.
19, 43
List the prime factors of 145813.
43, 3391
List the prime factors of 3263.
13, 251
What are the prime factors of 1429?
1429
What are the prime factors of 842?
2, 421
What are the prime factors of 6474?
2, 3, 13, 83
What are the prime factors of 8113?
7, 19, 61
List the prime factors of 61478.
2, 59, 521
What are the prime factors of 1947?
3, 11, 59
What are the prime factors of 40340?
2, 5, 2017
What are the prime factors of 22699?
22699
What are the prime factors of 47575?
5, 11, 173
What are the prime factors of 513?
3, 19
List the prime factors of 45024.
2, 3, 7, 67
List the prime factors of 1284.
2, 3, 107
List the prime factors of 699.
3, 233
What are the prime factors of 133445?
5, 13, 2053
List the prime factors of 83854.
2, 41927
List the prime factors of 7488.
2, 3, 13
List the prime factors of 36290.
2, 5, 19, 191
What are the prime factors of 37527?
3, 7, 1787
List the prime factors of 5316.
2, 3, 443
What are the prime factors of 6753?
3, 2251
List the prime factors of 1947.
3, 11, 59
What are the prime factors of 26?
2, 13
What are the prime factors of 4003?
4003
What are the prime factors of 3786?
2, 3, 631
What are the prime factors of 270?
2, 3, 5
What are the prime factors of 50855?
5, 7, 1453
What are the prime factors of 4886?
2, 7, 349
List the prime factors of 3172.
2, 13, 61
What are the prime factors of 54578?
2, 29, 941
List the prime factors of 735.
3, 5, 7
What are the prime factors of 6679?
6679
What are the prime factors of 1038?
2, 3, 173
What are the prime factors of 1212?
2, 3, 101
What are the prime factors of 36459?
3, 4051
List the prime factors of 294.
2, 3, 7
List the prime factors of 63415.
5, 11, 1153
What are the prime factors of 1096?
2, 137
List the prime factors of 828.
2, 3, 23
What are the prime factors of 451?
11, 41
List the prime factors of 16642.
2, 53, 157
List the prime factors of 2073.
3, 691
List the prime factors of 5403.
3, 1801
List the prime factors of 25561.
25561
List the prime factors of 4506.
2, 3, 751
List the prime factors of 9718.
2, 43, 113
What are the prime factors of 6526?
2, 13, 251
What are the prime factors of 2151?
3, 239
List the prime factors of 48598.
2, 11, 47
List the prime factors of 262.
2, 131
List the prime factors of 27803.
27803
List the prime factors of 7380.
2, 3, 5, 41
What are the prime factors of 24770?
2, 5, 2477
List the prime factors of 1298.
2, 11, 59
What are the prime factors of 42927?
3, 41, 349
What are the prime factors of 1421?
7, 29
What are the prime factors of 2361?
3, 787
List the prime factors of 1542.
2, 3, 257
What are the prime factors of 6352?
2, 397
List the prime factors of 9951.
3, 31, 107
What are the prime factors of 5218?
2, 2609
List the prime factors of 1187.
1187
List the prime factors of 4307.
59, 73
What are the prime factors of 22490?
2, 5, 13, 173
What are the prime factors of 26209?
26209
List the prime factors of 420.
2, 3, 5, 7
What are the prime factors of 8539?
8539
List the prime factors of 1551.
3, 11, 47
What are the prime factors of 31740?
2, 3, 5, 23
What are the prime factors of 3195?
3, 5, 71
What are the prime factors of 2914?
2, 31, 47
What are the prime factors of 9447?
3, 47, 67
What are the prime factors of 4956?
2, 3, 7, 59
What are the prime factors of 6005?
5, 1201
List the prime factors of 1128.
2, 3, 47
List the prime factors of 378.
2, 3, 7
List the prime factors of 55680.
2, 3, 5, 29
List the prime factors of 2618.
2, 7, 11, 17
What are the prime factors of 571?
571
What are the prime factors of 1097?
1097
List the prime factors of 1880.
2, 5, 47
What are the prime factors of 73?
73
What are the prime factors of 44045?
5, 23, 383
List the prime factors of 301.
7, 43
List the prime factors of 25303.
25303
List the prime factors of 248.
2, 31
List the prime factors of 1669.
1669
What are the prime factors of 40583?
40583
List the prime factors of 132861.
3, 67, 661
What are the prime factors of 1982?
2, 991
List the prime factors of 834.
2, 3, 139
What are the prime factors of 3676?
2, 919
What are the prime factors of 4600?
2, 5, 23
List the prime factors of 10893.
3, 3631
List the prime factors of 5108.
2, 1277
List the prime factors of 51684.
2, 3, 59, 73
List the prime factors of 1811.
1811
What are the prime factors of 37918?
2, 18959
What are the prime factors of 50253?
3, 7, 2393
List the prime factors of 972.
2, 3
What are the prime factors of 28368?
2, 3, 197
List the prime factors of 3022.
2, 1511
List the prime factors of 2869.
19, 151
List the prime factors of 678.
2, 3, 113
List the prime factors of 10511.
23, 457
List the prime factors of 656.
2, 41
List the prime factors of 58567.
58567
What are the prime factors of 26959?
26959
What are the prime factors of 95481?
3, 103
What are the prime factors of 56669?
61, 929
What are the prime factors of 3650?
2, 5, 73
List the prime factors of 1899.
3, 211
What are the prime factors of 1949?
1949
What are the prime factors of 59510?
2, 5, 11, 541
What are the prime factors of 52808?
2, 7, 23, 41
List the prime factors of 27223.
7, 3889
What are the prime factors of 44580?
2, 3, 5, 743
What are the prime factors of 2888?
2, 19
List the prime factors of 2837.
2837
List the prime factors of 2756.
2, 13, 53
List the prime factors of 2589.
3, 863
List the prime factors of 1253.
7, 179
What are the prime factors of 16298?
2, 29, 281
What are the prime factors of 10477?
10477
What are the prime factors of 420?
2, 3, 5, 7
What are the prime factors of 2190?
2, 3, 5, 73
List the prime factors of 18507.
3, 31, 199
List the prime factors of 72631.
13, 37, 151
What are the prime factors of 14039?
101, 139
What are the prime factors of 5278?
2, 7, 13, 29
List the prime factors of 8800.
2, 5, 11
List the prime factors of 69553.
11, 6323
List the prime factors of 1843.
19, 97
What are the prime factors of 13659?
3, 29, 157
What are the prime factors of 172?
2, 43
List the prime factors of 826.
2, 7, 59
What are the prime factors of 2326?
2, 1163
What are the prime factors of 3385?
5, 677
List the prime factors of 13144.
2, 31, 53
What are the prime factors of 6249?
3, 2083
List the prime factors of 37.
37
List the prime factors of 360.
2, 3, 5
List the prime factors of 954.
2, 3, 53
List the prime factors of 77179.
113, 683
What are the prime factors of 24592?
2, 29, 53
List the prime factors of 5225.
5, 11, 19
What are the prime factors of 2432?
2, 19
List the prime factors of 767.
13, 59
What are the prime factors of 956?
2, 239
List the prime factors of 983.
983
What are the prime factors of 9132?
2, 3, 761
List the prime factors of 18892.
2, 4723
List the prime factors of 11161.
11161
List the prime factors of 8391.
3, 2797
List the prime factors of 995.
5, 199
List the prime factors of 30477.
3, 10159
What are the prime factors of 92?
2, 23
What are the prime factors of 10586?
2, 67, 79
List the prime factors of 2386.
2, 1193
What are the prime factors of 30849?
3, 7, 13, 113
List the prime factors of 93931.
29, 41, 79
What are the prime factors of 714?
2, 3, 7, 17
List the prime factors of 14377.
11, 1307
What are the prime factors of 171869?
171869
List the prime factors of 11376.
2, 3, 79
What are the prime factors of 2713?
2713
List the prime factors of 1609.
1609
What are the prime factors of 10372?
2, 2593
List the prime factors of 174.
2, 3, 29
List the prime factors of 45502.
2, 22751
What are the prime factors of 26056?
2, 3257
What are the prime factors of 10674?
2, 3, 593
What are the prime factors of 2297?
2297
What are the prime factors of 31112?
2, 3889
List the prime factors of 354.
2, 3, 59
List the prime factors of 600.
2, 3, 5
List the prime factors of 360.
2, 3, 5